 composite?
False
Is 34219363757 a prime number?
False
Is 2162920567 composite?
True
Is 364291607 prime?
False
Is 1407731407 a composite number?
True
Is 11678790913 prime?
False
Is 8675611787 a composite number?
True
Is 54025514007 prime?
False
Is 43857057617 a prime number?
False
Is 14530748977 a composite number?
False
Is 6285164891 a prime number?
True
Is 1995257039 a prime number?
True
Is 15636124349 composite?
True
Is 1436682179 composite?
False
Is 2849502737 a prime number?
True
Is 3497876279 a prime number?
True
Is 429007673 composite?
False
Is 35507663623 composite?
True
Is 3514596451 prime?
True
Is 2361218929 composite?
False
Is 89380817 a prime number?
True
Is 71400882731 composite?
True
Is 45786220715 a prime number?
False
Is 2388907141 a prime number?
True
Is 27614173 composite?
True
Is 760906411 prime?
True
Is 3719021569 composite?
True
Is 44187643 a composite number?
False
Is 55998719369 prime?
True
Is 16764717197 prime?
True
Is 12649319063 a composite number?
False
Is 38377669 composite?
True
Is 51284593 prime?
False
Is 1138876742 composite?
True
Is 673934861 a composite number?
True
Is 66808811687 composite?
True
Is 38317401247 a prime number?
True
Is 2467109861 prime?
True
Is 889575703 a composite number?
True
Is 58212044039 a composite number?
True
Is 63440462051 composite?
False
Is 702681761 composite?
False
Is 3487252181 composite?
True
Is 998792819 prime?
False
Is 6389664191 composite?
True
Is 682902739 composite?
False
Is 98464207 a prime number?
True
Is 10593701219 a prime number?
False
Is 13302625421 a prime number?
True
Is 2002630967 a composite number?
False
Is 1363287989 prime?
False
Is 14126148133 prime?
True
Is 3894889139 prime?
False
Is 2646178021 a composite number?
True
Is 61806910853 a prime number?
False
Is 17918748089 prime?
False
Is 12855252239 a prime number?
True
Is 17345312563 composite?
True
Is 14690006369 a prime number?
False
Is 193024697641 a prime number?
False
Is 9642305419 a prime number?
False
Is 1681328009 a prime number?
False
Is 72338868377 prime?
False
Is 25481154427 composite?
False
Is 21937298737 a prime number?
False
Is 4303661069 a composite number?
False
Is 478170313 a composite number?
False
Is 202667669 prime?
True
Is 58824851258 a prime number?
False
Is 9151787441 a prime number?
True
Is 308302399 a composite number?
True
Is 138885149113 prime?
True
Is 11279726391 a prime number?
False
Is 3090116023 a prime number?
False
Is 134897645101 composite?
False
Is 675772941 a prime number?
False
Is 207944146 prime?
False
Is 6257208389 a prime number?
True
Is 33896155453 a prime number?
False
Is 11792086439 prime?
False
Is 25376490361 a prime number?
False
Is 8005457123 a prime number?
False
Is 7227563097 a prime number?
False
Is 7017615133 a prime number?
True
Is 1324425811 composite?
False
Is 851890283 composite?
True
Is 1526392099 prime?
False
Is 88177043371 a composite number?
False
Is 82658479 a composite number?
False
Is 16167353861 a composite number?
False
Is 232252491 a composite number?
True
Is 20600551 a prime number?
True
Is 24572211401 prime?
True
Is 84376640837 composite?
True
Is 42674043631 composite?
False
Is 27577697293 composite?
True
Is 7832451287 a composite number?
True
Is 37267589041 prime?
False
Is 909315907 prime?
False
Is 19348234517 composite?
False
Is 3432433889 prime?
True
Is 120973613 a composite number?
True
Is 5536921487 a prime number?
True
Is 9725173247 prime?
True
Is 9574220257 a prime number?
False
Is 2566939537 a composite number?
False
Is 1077898621 prime?
False
Is 23149776217 prime?
True
Is 2682208519 composite?
True
Is 4895264399 prime?
True
Is 59272292869 prime?
False
Is 128595339449 prime?
False
Is 39223167469 a composite number?
True
Is 1936551347 a prime number?
True
Is 10442536151 composite?
False
Is 1856536079 prime?
True
Is 40392394897 a composite number?
False
Is 38385465343 a composite number?
True
Is 2724645179 a prime number?
True
Is 50191794349 a prime number?
True
Is 19618525139 composite?
False
Is 6792527197 composite?
False
Is 1204650931 a prime number?
False
Is 1762053829 a prime number?
False
Is 490059675601 a prime number?
True
Is 30762629267 prime?
False
Is 70680598883 a composite number?
False
Is 49245438283 prime?
False
Is 584793623 prime?
True
Is 64365571 a prime number?
True
Is 5689108279 prime?
False
Is 6434993819 composite?
True
Is 93789133 a composite number?
False
Is 19437388951 a composite number?
False
Is 106407179 prime?
True
Is 24364777651 a composite number?
True
Is 296622269 a prime number?
False
Is 31982466763 prime?
False
Is 5090124991 composite?
True
Is 1968031531 prime?
True
Is 129871939 a composite number?
False
Is 1905691219 a prime number?
False
Is 353258701 composite?
False
Is 1414531943 composite?
True
Is 938241761 a composite number?
True
Is 327426343 prime?
True
Is 1909857683 a prime number?
True
Is 21711993269 a prime number?
True
Is 5823183153 prime?
False
Is 68342337298 composite?
True
Is 122937221 a prime number?
False
Is 96915779429 a prime number?
False
Is 208596191 a composite number?
True
Is 27970311682 composite?
True
Is 3138697643 prime?
True
Is 187455557 composite?
False
Is 66204249 composite?
True
Is 4047337123 prime?
True
Is 431622409 a composite number?
False
Is 1785229679 a prime number?
True
Is 13421439359 a composite number?
False
Is 18242041459 composite?
False
Is 1095641759 a prime number?
True
Is 160512322 a composite number?
True
Is 44958423083 prime?
False
Is 22713252773 composite?
False
Is 1582146611 prime?
True
Is 15469238947 a prime number?
True
Is 6669706031 a composite number?
False
Is 3215533829 a composite number?
False
Is 1490292829 a prime number?
False
Is 27474582103 composite?
True
Is 118698113357 prime?
True
Is 272945261 a composite number?
False
Is 28377321899 composite?
False
Is 839454533 prime?
True
Is 706441391 a prime number?
True
Is 4546380473 a prime number?
True
Is 9269204563 a composite number?
False
Is 640822891 composite?
False
Is 5872151803 prime?
False
Is 830259439 a prime number?
False
Is 8741775743 a composite number?
False
Is 998838359 prime?
True
Is 35330279969 composite?
False
Is 40641349711 a prime number?
False
Is 16048512079 composite?
True
Is 2241364171 prime?
False
Is 546014039 composite?
True
Is 63410065003 a composite number?
True
Is 1123033447 prime?
False
Is 251771155 a prime number?
False
Is 881422793 prime?
True
Is 12256456759 prime?
True
Is 1368075131 a prime number?
True
Is 3779609783 composite?
False
Is 36588495311 composite?
False
Is 58898537182 a prime number?
False
Is 16113550333 prime?
False
Is 4075188931 composite?
True
Is 115129978109 prime?
True
Is 43200211961 composite?
True
Is 89544043891 prime?
True
Is 4873950787 composite?
False
Is 83097635 a prime number?
False
Is 984397669 prime?
False
Is 1188443609 composite?
False
Is 17177139079 prime?
True
Is 11036517889 a composite number?
True
Is 8873835667 prime?
True
Is 54441854039 a prime number?
False
Is 2179304003 a prime number?
True
Is 22320810877 a composite number?
True
Is 98222874739 composite?
True
Is 2028189221 a prime number?
True
Is 21713057477 composite?
False
Is 6370354241 prime?
True
Is 48697604831 a prime number?
True
Is 4515165463 composite?
True
Is 9364711 a prime number?
False
Is 1128794813 a prime number?
False
Is 42197180659 a composite number?
True
Is 11412192538 a composite number?
True
Is 19153043491 prime?
True
Is 4756669769 prime?
True
Is 5130045761 composite?
True
Is 6538351493 a prime number?
True
Is 1203670229 prime?
True
Is 2598454347 composite?
True
Is 66358038497 prime?
False
Is 1394715749 a composite number?
True
Is 1633742311 prime?
False
Is 23857631167 composite?
True
Is 616080331 a prime number?
False
Is 3966814603 composite?
False
Is 5459758897 composite?
False
Is 8072399 prime?
False
Is 4044022357 composite?
True
Is 7717276843 composite?
False
Is 10708983169 composite?
False
Is 52968261149 a prime number?
False
Is 2741338289 composite?
False
Is 537311087 composite?
False
Is 169128523 a prime number?
True
Is 784805893 prime?
True
Is 10516952849 prime?
False
Is 1270509077 prime?
False
Is 36745664959 a prime number?
False
Is 66301714527 a composite number?
True
Is 97982280937 a prime number?
True
Is 3618937253 a prime number?
True
Is 114604808209 a composi